70?
True
Does 13 divide 4300811082?
False
Is 551 a factor of 125204832?
True
Is 11 a factor of 38062922?
False
Is 28659202 a multiple of 91?
False
Is 356 a factor of 51282512?
True
Is 323 a factor of 201102707?
True
Is 193247402 a multiple of 26?
False
Is 42 a factor of 374116218?
True
Is 1108053026 a multiple of 24?
False
Is 70178801 a multiple of 18?
False
Is 46 a factor of 48418701?
False
Does 32 divide 1373138375?
False
Is 784 a factor of 3133390848?
True
Is 13 a factor of 69577313?
True
Does 33 divide 30132763?
False
Is 53537696 a multiple of 641?
False
Is 35924664 a multiple of 3?
True
Is 1130501 a multiple of 172?
False
Is 304046839 a multiple of 57?
False
Is 145639800 a multiple of 25?
True
Is 139421960 a multiple of 1654?
False
Does 68 divide 353884580?
True
Is 2052189 a multiple of 118?
False
Is 221 a factor of 1476788079?
True
Is 71895277 a multiple of 347?
True
Does 1097 divide 27666861?
False
Does 5 divide 317283368?
False
Is 320 a factor of 102334017?
False
Is 61 a factor of 733966818?
False
Is 132169275 a multiple of 15?
True
Is 143 a factor of 17388876?
False
Is 597 a factor of 1101869169?
True
Does 144 divide 46172739?
False
Does 391 divide 77490036?
False
Does 111 divide 242770156?
False
Does 1327 divide 5053216?
True
Does 1847 divide 20590356?
True
Does 18 divide 115161462?
True
Does 33 divide 77008082?
False
Is 564 a factor of 1051389743?
False
Does 1181 divide 683595868?
True
Is 25 a factor of 11139626?
False
Is 44 a factor of 1456204376?
True
Does 12 divide 34172808?
True
Is 174452460 a multiple of 70?
True
Is 104409393 a multiple of 11?
True
Is 46877753 a multiple of 73?
True
Is 14 a factor of 17248?
True
Is 37 a factor of 7528686?
True
Does 748 divide 134290684?
True
Does 2816 divide 1059777837?
False
Does 22 divide 6879131?
False
Is 3895 a factor of 158779675?
True
Does 44 divide 95515645?
False
Is 4499496 a multiple of 6?
True
Is 19727925 a multiple of 358?
False
Does 48 divide 21750960?
True
Is 26308990 a multiple of 375?
False
Is 611606028 a multiple of 22?
True
Does 58 divide 9849654?
False
Does 80 divide 1964128320?
True
Does 2 divide 7645939?
False
Does 281 divide 185731165?
True
Does 316 divide 2197575652?
False
Does 39 divide 468004463?
False
Does 4 divide 159307608?
True
Does 1171 divide 1010943036?
True
Is 5163 a factor of 176777453?
False
Does 4177 divide 248911607?
True
Is 199440800 a multiple of 10?
True
Is 10397217 a multiple of 98?
False
Is 25753004 a multiple of 45?
False
Is 1383 a factor of 92847778?
False
Is 5276 a factor of 381034900?
False
Does 755 divide 2065858180?
True
Does 184 divide 148138512?
False
Is 67503150 a multiple of 10?
True
Is 262957952 a multiple of 51?
False
Is 1521 a factor of 388210914?
True
Does 92 divide 225987104?
False
Is 75 a factor of 33752913?
False
Is 316519826 a multiple of 11?
False
Does 53 divide 257917103?
False
Does 73 divide 7143999?
True
Is 1293464370 a multiple of 110?
True
Is 660 a factor of 45443488?
False
Does 733 divide 575761238?
True
Is 279 a factor of 355914343?
False
Is 60 a factor of 21900240?
True
Is 16 a factor of 824240?
True
Is 281 a factor of 34042307?
True
Is 549454408 a multiple of 908?
True
Is 3001 a factor of 69452143?
True
Is 85035280 a multiple of 71?
True
Is 5258897460 a multiple of 409?
True
Does 123 divide 10626339?
True
Is 609074301 a multiple of 2354?
False
Does 25 divide 133003143?
False
Is 36352324 a multiple of 79?
True
Does 122 divide 462344376?
True
Is 26534600 a multiple of 200?
True
Is 80663980 a multiple of 20?
True
Does 143 divide 41892964?
False
Is 5 a factor of 15644295?
True
Is 168371322 a multiple of 261?
False
Does 26 divide 2190263573?
False
Does 12 divide 26447342?
False
Is 360858835 even?
False
Is 15753189 a multiple of 521?
False
Does 4 divide 3491540?
True
Is 445 a factor of 19528167?
False
Is 103288668 a multiple of 25?
False
Is 98 a factor of 12036170?
False
Is 89679122 a multiple of 45?
False
Does 1844 divide 3809009837?
False
Is 328821065 a multiple of 10?
False
Is 8 a factor of 194762360?
True
Does 337 divide 30360667?
True
Is 14 a factor of 16026974?
False
Is 33 a factor of 8434739?
False
Is 7083 a factor of 1941662295?
False
Is 29 a factor of 614865221?
True
Is 891415386 a multiple of 12?
False
Is 117 a factor of 91645749?
True
Is 95902100 a multiple of 97?
False
Is 10676771 a multiple of 278?
False
Does 130 divide 190627970?
True
Does 1549 divide 5330109?
True
Is 5496 a factor of 157889088?
True
Is 835 a factor of 377710580?
True
Is 152822778 a multiple of 2699?
True
Does 7 divide 27376950?
False
Is 39813588 a multiple of 656?
False
Does 6188 divide 63797012?
False
Does 11 divide 145731624?
False
Does 23 divide 1932746889?
False
Is 744 a factor of 7779236?
False
Is 172087032 a multiple of 258?
True
Is 19685926 a multiple of 2484?
False
Does 12 divide 5857078566?
False
Is 230015250 a multiple of 29?
False
Is 320159842 a multiple of 39?
False
Does 92 divide 12810398?
False
Does 125 divide 35694740?
False
Is 1422916184 a multiple of 93?
False
Is 220 a factor of 202913920?
True
Is 4084225062 a multiple of 6983?
False
Does 14 divide 67153901?
False
Does 570 divide 178073849?
False
Does 1128 divide 117552811?
False
Is 6294313200 a multiple of 240?
True
Is 947763907 a multiple of 6129?
False
Is 144565084 a multiple of 21?
False
Is 66 a factor of 54946492?
False
Is 20 a factor of 404382?
False
Is 17 a factor of 58076131?
True
Is 25538752 a multiple of 8?
True
Does 88 divide 491983976?
True
Is 40 a factor of 2162137535?
False
Is 1946300216 a multiple of 28?
True
Is 689904345 a multiple of 95?
True
Is 2749 a factor of 6371049?
False
Is 39 a factor of 38931597?
False
Is 35106456 a multiple of 847?
True
Is 35 a factor of 27456978?
False
Is 1914433230 a multiple of 919?
True
Does 1202 divide 12818912?
False
Is 256 a factor of 50946138?
False
Is 32324407 a multiple of 1462?
False
Is 324030955 a multiple of 1620?
False
Is 17648885 a multiple of 409?
False
Does 78 divide 990210?
True
Does 13 divide 3214093090?
True
Is 10 a factor of 6182888?
False
Is 18 a factor of 3577599427?
False
Is 2739778398 a multiple of 63?
True
Does 191 divide 147883199?
False
Does 28 divide 1078805797?
False
Does 210 divide 643062772?
False
Does 65 divide 204996220?
True
Is 617013086 a multiple of 53?
False
Is 143334799 a multiple of 503?
False
Is 4458768 a multiple of 226?
False
Is 584918350 a multiple of 300?
False
Is 1242 a factor of 155410185?
False
Is 616 a factor of 132077829?
False
Is 8866725 a multiple of 175?
True
Is 46 a factor of 39510688?
True
Is 45331533 a multiple of 909?
False
Is 231 a factor of 280499604?
True
Is 63851688 a multiple of 18?
True
Is 841 a factor of 874836981?
False
Does 218 divide 1881395046?
False
Is 222250827 a multiple of 383?
False
Does 59 divide 1741409013?
True
Is 234027315 a multiple of 603?
True
Is 255838669 a multiple of 29?
False
Is 13 a factor of 346100027?
True
Does 866 divide 117675090?
False
Is 9661185 a multiple of 519?
True
Is 94072175 a multiple of 141?
False
Is 3988894 a multiple of 14?
True
Does 158 divide 1351719?
False
Does 4 divide 1349369710?
False
Does 122 divide 69705676?
True
Is 5 a factor of 16519685?
True
Is 149879951 a multiple of 32?
False
Is 15443146 a multiple of 586?
False
Does 10 divide 279960?
True
Does 25 divide 1279449100?
True
Is 748 a factor of 34337284?
False
Is 276 a factor of 327080899?
False
Is 24475898 a multiple of 11?
False
Does 1565 divide 139824925?
True
Is 2883334146 a multiple of 345?
False
Is 1677 a factor of 619235604?
True
Is 1420769595 a multiple of 21?
True
Does 47 divide 225350665?
True
Does 6 divide 98387897?
False
Does 362 divide 112109903?
False
Does 1036 divide 32165728?
True
Is 4 a factor of 29750381?
False
Is 2063529569 a multiple of 3583?
False
Is 235020980 a multiple of 13?
False
Is 167660516 a multiple of 28?
False
Is 77 a factor of 29444030?
True
Is 30 a factor of 72096480?
True
Is 434 a factor of 41443740?
False
Is 409130400 a multiple of 75?
True
Is 14 a factor of 535133550?
True
Is 18930897 a multiple of 12?
False
Is 287636887 a multiple of 94?
False
Does 798 divide 145732356?
True
Is 501926150 a multiple of 22?
True
Is 117009661 a multiple of 814?
False
Does 2134 divide 127239750?
True
Is 1622595 a multiple of 195?
True
Is 20260420 a multiple of 509?